{"id":25,"date":"2022-12-25T00:55:39","date_gmt":"2022-12-24T23:55:39","guid":{"rendered":"http:\/\/mydigibu.de\/?page_id=25"},"modified":"2023-01-18T17:23:45","modified_gmt":"2023-01-18T16:23:45","slug":"terms-of-use","status":"publish","type":"page","link":"http:\/\/mydigibu.de\/?page_id=25","title":{"rendered":"Impressum"},"content":{"rendered":"\t\t<div data-elementor-type=\"wp-page\" data-elementor-id=\"25\" class=\"elementor elementor-25\">\n\t\t\t\t\t\t<section class=\"elementor-section elementor-top-section elementor-element elementor-element-5fb1729a elementor-section-height-min-height elementor-section-content-middle elementor-section-boxed elementor-section-height-default elementor-section-items-middle\" data-id=\"5fb1729a\" data-element_type=\"section\" data-settings=\"{&quot;background_background&quot;:&quot;classic&quot;}\">\n\t\t\t\t\t\t<div class=\"elementor-container elementor-column-gap-default\">\n\t\t\t\t\t<div class=\"elementor-column elementor-col-100 elementor-top-column elementor-element elementor-element-4c0625d2\" data-id=\"4c0625d2\" data-element_type=\"column\">\n\t\t\t<div class=\"elementor-widget-wrap elementor-element-populated\">\n\t\t\t\t\t\t<div class=\"elementor-element elementor-element-57150223 elementor-invisible elementor-widget elementor-widget-heading\" data-id=\"57150223\" data-element_type=\"widget\" data-settings=\"{&quot;_animation&quot;:&quot;fadeIn&quot;}\" data-widget_type=\"heading.default\">\n\t\t\t\t<div class=\"elementor-widget-container\">\n\t\t\t<style>\/*! elementor - v3.23.0 - 05-08-2024 *\/\n.elementor-heading-title{padding:0;margin:0;line-height:1}.elementor-widget-heading .elementor-heading-title[class*=elementor-size-]>a{color:inherit;font-size:inherit;line-height:inherit}.elementor-widget-heading .elementor-heading-title.elementor-size-small{font-size:15px}.elementor-widget-heading .elementor-heading-title.elementor-size-medium{font-size:19px}.elementor-widget-heading .elementor-heading-title.elementor-size-large{font-size:29px}.elementor-widget-heading .elementor-heading-title.elementor-size-xl{font-size:39px}.elementor-widget-heading .elementor-heading-title.elementor-size-xxl{font-size:59px}<\/style><h1 class=\"elementor-heading-title elementor-size-default\">Impressum<\/h1>\t\t<\/div>\n\t\t\t\t<\/div>\n\t\t\t\t<div class=\"elementor-element elementor-element-681b3875 elementor-widget elementor-widget-heading\" data-id=\"681b3875\" data-element_type=\"widget\" data-widget_type=\"heading.default\">\n\t\t\t\t<div class=\"elementor-widget-container\">\n\t\t\t<h4 class=\"elementor-heading-title elementor-size-default\">F\u00fcr diese Website verantwortlicher Anbieter gem\u00e4\u00df \u00a7 5 TMG \nsowie Informationspflichten gem\u00e4\u00df \u00a7 15 VersVermV und \u00a7 18 Abs. 2 MStV:<\/h4>\t\t<\/div>\n\t\t\t\t<\/div>\n\t\t\t\t\t<\/div>\n\t\t<\/div>\n\t\t\t\t\t<\/div>\n\t\t<\/section>\n\t\t\t\t<section class=\"elementor-section elementor-top-section elementor-element elementor-element-47872553 elementor-section-boxed elementor-section-height-default elementor-section-height-default\" data-id=\"47872553\" data-element_type=\"section\" data-settings=\"{&quot;background_background&quot;:&quot;classic&quot;}\">\n\t\t\t\t\t\t<div class=\"elementor-container elementor-column-gap-default\">\n\t\t\t\t\t<div class=\"elementor-column elementor-col-100 elementor-top-column elementor-element elementor-element-30c3b4a7\" data-id=\"30c3b4a7\" data-element_type=\"column\">\n\t\t\t<div class=\"elementor-widget-wrap elementor-element-populated\">\n\t\t\t\t\t\t<div class=\"elementor-element elementor-element-2d67048 elementor-widget elementor-widget-text-editor\" data-id=\"2d67048\" data-element_type=\"widget\" data-widget_type=\"text-editor.default\">\n\t\t\t\t<div class=\"elementor-widget-container\">\n\t\t\t<style>\/*! elementor - v3.23.0 - 05-08-2024 *\/\n.elementor-widget-text-editor.elementor-drop-cap-view-stacked .elementor-drop-cap{background-color:#69727d;color:#fff}.elementor-widget-text-editor.elementor-drop-cap-view-framed .elementor-drop-cap{color:#69727d;border:3px solid;background-color:transparent}.elementor-widget-text-editor:not(.elementor-drop-cap-view-default) .elementor-drop-cap{margin-top:8px}.elementor-widget-text-editor:not(.elementor-drop-cap-view-default) .elementor-drop-cap-letter{width:1em;height:1em}.elementor-widget-text-editor .elementor-drop-cap{float:left;text-align:center;line-height:1;font-size:50px}.elementor-widget-text-editor .elementor-drop-cap-letter{display:inline-block}<\/style>\t\t\t\t<h4>MyDigiBu.de<b> Heinrich Versicherungen<\/b><\/h4>\n<p>Waldparkstr. 38 b<br>85521 Riemerling<br><b>Telefon:&nbsp;<\/b>+ 49 89 660 777 48<br><b>Telefax:<\/b>&nbsp;+49 89 660 777 46<br><b>Mobil:<\/b>&nbsp;1703423985&nbsp;<br><b>E-Mail:<\/b> <a style=\"font-family: var( --e-global-typography-text-font-family ), Sans-serif; font-size: var( --e-global-typography-text-font-size ); font-style: var( --e-global-typography-text-font-style ); font-weight: var( --e-global-typography-text-font-weight ); text-transform: var( --e-global-typography-text-text-transform );\" href=\"mailto:service@mydigibu.de\" target=\"_blank\" rel=\"noopener\">service@mydigibu.de<\/a><\/p>\n<p><b>Inhaltlich Verantwortlicher gem\u00e4\u00df \u00a7 18 Abs. 2 MStV:<\/b> MyDigiBu.de Heinrich Versicherungen<\/p>\n<p>Beh\u00f6rde f\u00fcr die Erlaubnis nach \u00a7 34d Abs. 1 Z. 2 GewO:<br>IHK M\u00fcnchen und Oberbayern&nbsp;<br>Max-Joseph-Str. 2&nbsp;<br>80333 M\u00fcnchen&nbsp;<br>Telefon (Zentrale): 089 51160&nbsp;<br>Internetseite: https:\/\/www.ihk-muenchen.de\/de\/&nbsp;<b><br><\/b><\/p>\n<p><b>Status:&nbsp;<\/b><\/p>\n<p>Zugelassener Versicherungsmakler mit Erlaubnis nach \u00a7 34d Abs. 1 Z. 2 GewO mit der <br>Registernummer D-SMEQ-ONQZ5-52 Versicherungsmakler gem\u00e4\u00df \u00a7 34 d GewO<\/p>\n<p><strong style=\"color: var( --e-global-color-588695a ); font-family: var( --e-global-typography-text-font-family ), Sans-serif; font-size: var( --e-global-typography-text-font-size ); font-style: var( --e-global-typography-text-font-style ); text-transform: var( --e-global-typography-text-text-transform ); background-color: var( --e-global-color-706ed4c );\">Die Eintragung im Vermittlerregister kann wie folgt \u00fcberpr\u00fcft werden:<\/strong><\/p>\n<p>DIHK | Deutsche Industrie- und Handelskammer<br>Breite Stra\u00dfe 29<br>D-10178 Berlin<br>Telefon +49 30 20308 0<br>E-Mail <a href=\"mailto:%69%6ef%6f@dihk.d%65\">info@dihk.de<\/a><br><a href=\"https:\/\/www.dihk.de\/\" target=\"_blank\" rel=\"nofollow noopener\">www.dihk.de<\/a><br>Registerabruf unter <a href=\"https:\/\/www.vermittlerregister.info\/\" target=\"_blank\" rel=\"nofollow noopener\">www.vermittlerregister.info<\/a> oder telefonisch unter 0180-6005850 (0,20 \u20ac\/Anruf)<\/p>\n<p><strong>Umgang mit Nachhaltigkeit(ESG-Risiken)<\/strong><\/p>\n<p><strong>Was sind Nachhaltigkeitsrisiken?<\/strong><\/p>\n<p>Als Nachhaltigkeitsrisiken (ESG-Risiken) werden Ereignisse oder Bedingungen aus den drei Bereichen Umwelt(Enviroment), Soziales(Social) und Unternehmensf\u00fchrung(Governance) bezeichnet, deren Eintreten negative Auswirkungen auf den Wert der Investition bzw. Anlage haben k\u00f6nnten. Diese Risiken k\u00f6nnen einzelne Unternehmen genauso wie ganze Branchen oder Regionen betreffen.<\/p>\n<p><strong>Was gibt es f\u00fcr Beispiele f\u00fcr Nachhaltigkeitsrisiken in den drei Bereichen?<\/strong><\/p>\n<ul>\n<li>Umwelt: In Folge des Klimawandels k\u00f6nnten vermehrt auftretende Extremwetterereignisse ein Risiko darstellen. Dieses Risiko wird auch physisches Risiko genannt. Ein Beispiel hierf\u00fcr w\u00e4re eine extreme Wetterperiode in einer bestimmten Region. Dadurch k\u00f6nnten Pegel von Transportwegen wie Fl\u00fcssen so weit sinken, dass der Transport von Waren beeintr\u00e4chtigt werden k\u00f6nnte.<\/li>\n<li>Soziales: Im Bereich des Sozialen k\u00f6nnten sich Risiken zum Beispiel aus der Nichteinhaltung von arbeitsrechtlichen Standards oder des Gesundheitsschutzes ergeben.<\/li>\n<li>Unternehmensf\u00fchrung: Beispiele f\u00fcr Risiken im Bereich der Unternehmensf\u00fchrung sind etwa die Nichteinhaltung der Steuerehrlichkeit oder Korruption in Unternehmen.<\/li>\n<\/ul><div><br><\/div>\n<p><strong>Umgang mit nachhaltigen Produkten:<\/strong><br>Der Versicherungsmakler verfolgt keine gezielte Nachhaltigkeitsstrategie, angebotene Produkte k\u00f6nnen aber nachhaltig sein.<\/p>\n<p><strong>Allgemeine Information:<\/strong><br>MyDigiBu.de Heinrich Versicherungen verfolgt keine gezielte Nachhaltigkeitsstrategie. Im Rahmen der Auswahl von Gesellschaften und Produkten ber\u00fccksichtigen wir die etwaigen Nachhaltigkeitsaspekte nicht gezielt. Im Rahmen der im Kundeninteresse erfolgenden individuellen Beratung stellen wir die etwaigen Nachhaltigkeitsaspekte des jeweiligen Produktes\/Produktgebers auf Nachfrage gesondert auf Basis der durch den Produktgeber zur Verf\u00fcgung gestellten Informationen dar. Unsere Produktauswahl kann nachhaltige Produkte umfassen.<br>Die Beratung erfolgt dabei auf Basis der von den Unternehmen zur Verf\u00fcgung gestellten Informationen &#8211; diese liegen z.T. noch nicht von jedem Produktgeber vollst\u00e4ndig vor. F\u00fcr deren Richtigkeit ist der Versicherungsmakler daher nicht verantwortlich.<\/p>\n<p><strong>Verg\u00fctung bezogen auf Nachhaltigkeitsaspekte:<\/strong><br>Die Verg\u00fctung f\u00fcr die Vermittlung von Produkten wird grunds\u00e4tzlich nicht von den Nachhaltigkeitsrisiken beeinflusst.<\/p>\n<p><strong>Berufsrechtliche Regelungen<\/strong>:<\/p>\n<ul>\n<li>\u00a7 34d Gewerbeordnung (ggf. \u00a7 34c Gewerbeordnung, \u00a7 34f Gewerbeordnung, \u00a7 34i Gewerbeordnung)<\/li>\n<li>\u00a7\u00a7 59-68 VVG<\/li>\n<li>VersVermV<\/li>\n<\/ul>\n<p>Die berufsrechtlichen Regelungen k\u00f6nnen \u00fcber die vom Bundesministerium der Justiz und von der juris GmbH betriebenen Homepage <a href=\"https:\/\/www.gesetze-im-internet.de\/\" target=\"_blank\" rel=\"nofollow noopener\">www.gesetze-im-internet.de<\/a> eingesehen und abgerufen werden.<\/p>\n<p><strong>Folgende Schlichtungsstellen k\u00f6nnen zur au\u00dfergerichtlichen Streitbeilegung angerufen werden:<\/strong><br><strong>Beschwerdemanagement:<\/strong><br>Bei Beschwerden k\u00f6nnen Sie sich immer direkt wenden an:<br>MyDigiBu.de Heinrich Versicherungen<br>Waldparkstr. 38 b<br>85521 Riemerling<br><strong>Telefon:<\/strong> +498966077748<br><strong>Telefax:<\/strong> +498966077746<br><strong>Mobil:<\/strong> 01703423985<br><strong>E-Mail:<\/strong> <a href=\"mailto:%73%65r%76%69c%65%40m%79dig%69b%75%2ede\">service@mydigibu.de<\/a><\/p>\n<p><strong>Information zur Teilnahme am Streitbeilegungsverfahren gem\u00e4\u00df \u00a7 36 Verbraucherstreitbeilegungsgesetz<\/strong><br>Wir sind gem\u00e4\u00df \u00a7 17 Abs. 4 der Versicherungsvermittlungsverordnung verpflichtet am Streitbeilegungsverfahren vor folgenden Verbraucherschlichtungsstellen teilzunehmen:<\/p>\n<p>Versicherungsombudsmann e.V.,<br>Postfach 08 06 32, 10006 Berlin<br>Weitere Informationen: <a href=\"https:\/\/www.versicherungsombudsmann.de\/\" target=\"_blank\" rel=\"nofollow noopener\">www.versicherungsombudsmann.de<\/a><\/p>\n<p>Ombudsmann Private Kranken- und Pflegeversicherung,<br>Postfach 06 02 22, 10052 Berlin<br>Weitere Informationen: <a href=\"https:\/\/www.pkv-ombudsmann.de\/\" target=\"_blank\" rel=\"nofollow noopener\">www.pkv-ombudsmann.de<\/a><\/p>\n<p>Schlichtungsstelle f\u00fcr gewerbliche Versicherungs- und Anlage- und Kreditvermittlung<br>Glockengie\u00dferwall 2, 20095 Hamburg<\/p>\n<p><strong>Hinweise zur Validierung der Kundenbewertungen<\/strong><br>Bewertungen, welche wir \u00fcber externe Bewertungsportale sammeln (Google Rezensionen, ProvenExpert, kennstdueinen.de und weitere) und auf unserer Webseite einbinden oder verlinken, werden ausschlie\u00dflich von dem jeweiligen Bewertungsportal validiert. Wir f\u00fchren keine gesonderte Pr\u00fcfung dieser Kundenbewertungen auf Echtheit durch.<\/p>\n<p><strong>1. Inhalt des Onlineangebotes<\/strong><br>Der Autor \u00fcbernimmt keinerlei Gew\u00e4hr f\u00fcr die Aktualit\u00e4t, Korrektheit, Vollst\u00e4ndigkeit oder Qualit\u00e4t der bereitgestellten Informationen. Haftungsanspr\u00fcche gegen den Autor, welche sich auf Sch\u00e4den materieller oder ideeller Art beziehen, die durch die Nutzung oder Nichtnutzung der dargebotenen Informationen bzw. durch die Nutzung fehlerhafter und unvollst\u00e4ndiger Informationen verursacht wurden, sind grunds\u00e4tzlich ausgeschlossen, sofern seitens des Autors kein nachweislich vors\u00e4tzliches oder grob fahrl\u00e4ssiges Verschulden vorliegt. Alle Angebote sind freibleibend und unverbindlich. Der Autor beh\u00e4lt es sich ausdr\u00fccklich vor, Teile der Seiten oder das gesamte Angebot ohne gesonderte Ank\u00fcndigung zu ver\u00e4ndern, zu erg\u00e4nzen, zu l\u00f6schen oder die Ver\u00f6ffentlichung zeitweise oder endg\u00fcltig einzustellen.<\/p>\n<p><strong>2. Verweise und Links<\/strong><br>Bei direkten oder indirekten Verweisen auf fremde Webseiten (\u201cHyperlinks\u201d), die au\u00dferhalb des Verantwortungsbereiches des Autors liegen, w\u00fcrde eine Haftungsverpflichtung ausschlie\u00dflich in dem Fall in Kraft treten, in dem der Autor von den Inhalten Kenntnis hat und es ihm technisch m\u00f6glich und zumutbar w\u00e4re, die Nutzung im Falle rechtswidriger Inhalte zu verhindern. Der Autor erkl\u00e4rt hiermit ausdr\u00fccklich, dass zum Zeitpunkt der Linksetzung keine illegalen Inhalte auf den zu verlinkenden Seiten erkennbar waren. Auf die aktuelle und zuk\u00fcnftige Gestaltung, die Inhalte oder die Urheberschaft der verlinkten\/verkn\u00fcpften Seiten hat der Autor keinerlei Einfluss. Deshalb distanziert er sich hiermit ausdr\u00fccklich von allen Inhalten aller verlinkten \/verkn\u00fcpften Seiten, die nach der Linksetzung ver\u00e4ndert wurden. Diese Feststellung gilt f\u00fcr alle innerhalb des eigenen Internetangebotes gesetzten Links und Verweise sowie f\u00fcr Fremdeintr\u00e4ge in vom Autor eingerichteten G\u00e4steb\u00fcchern, Diskussionsforen, Linkverzeichnissen, Mailinglisten und in allen anderen Formen von Datenbanken, auf deren Inhalt externe Schreibzugriffe m\u00f6glich sind. F\u00fcr illegale, fehlerhafte oder unvollst\u00e4ndige Inhalte und insbesondere f\u00fcr Sch\u00e4den, die aus der Nutzung oder Nichtnutzung solcherart dargebotener Informationen entstehen, haftet allein der Anbieter der Seite, auf welche verwiesen wurde, nicht derjenige, der \u00fcber Links auf die jeweilige Ver\u00f6ffentlichung lediglich verweist.<\/p>\n<p><strong>3. Urheber- und Kennzeichenrecht<\/strong><br>Der Autor ist bestrebt, in allen Publikationen die Urheberrechte der verwendeten Grafiken, Tondokumente, Videosequenzen und Texte zu beachten, von ihm selbst erstellte Grafiken, Tondokumente, Videosequenzen und Texte zu nutzen oder auf lizenzfreie Grafiken, Tondokumente, Videosequenzen und Texte zur\u00fcckzugreifen. Alle innerhalb des Internetangebotes genannten und ggf. durch Dritte gesch\u00fctzten Marken- und Warenzeichen unterliegen uneingeschr\u00e4nkt den Bestimmungen des jeweils g\u00fcltigen Kennzeichenrechts und den Besitzrechten der jeweiligen eingetragenen Eigent\u00fcmer. Allein aufgrund der blo\u00dfen Nennung ist nicht der Schluss zu ziehen, dass Markenzeichen nicht durch Rechte Dritter gesch\u00fctzt sind! Das Copyright f\u00fcr ver\u00f6ffentlichte, vom Autor selbst erstellte Objekte bleibt allein beim Autor der Seiten. Eine Vervielf\u00e4ltigung oder Verwendung solcher Grafiken, Tondokumente, Videosequenzen und Texte in anderen elektronischen oder gedruckten Publikationen ist ohne ausdr\u00fcckliche Zustimmung des Autors nicht gestattet.<\/p>\n<p><strong>4. Rechtswirksamkeit dieses Haftungsausschlusses<\/strong><br>Dieser Haftungsausschluss ist als Teil des Internetangebotes zu betrachten, von dem aus auf diese Seite verwiesen wurde. Sofern Teile oder einzelne Formulierungen dieses Textes der geltenden Rechtslage nicht, nicht mehr oder nicht vollst\u00e4ndig entsprechen sollten, bleiben die \u00fcbrigen Teile des Dokumentes in ihrem Inhalt und ihrer G\u00fcltigkeit davon unber\u00fchrt.<\/p>\n<p><strong>Rechtlicher Hinweis:<\/strong><br>Die von uns zur Verf\u00fcgung gestellten Daten erheben keinen Anspruch auf Richtigkeit oder Vollst\u00e4ndigkeit. F\u00fcr die Richtigkeit und Vollst\u00e4ndigkeit der von Dritten zur Verf\u00fcgung gestellten Daten und Dokumente \u00fcbernehmen wir keinerlei Gew\u00e4hr. Jegliche Haftung f\u00fcr Sch\u00e4den aus der hier zur Verf\u00fcgung gestellten Information ist ausgeschlossen.<\/p>\n<p><strong>Hinweis nach Art. 14 Abs. 1 der EU-Verordnung 524\/2013<\/strong><br>Online-Streitbeilegung (Art. 14 Abs. 1 ODR-Verordnung): Die Europ\u00e4ische Kommission stellt unter <a href=\"https:\/\/ec.europa.eu\/consumers\/odr\/\" target=\"_blank\" rel=\"nofollow noopener\">ec.europa.eu\/consumers\/odr\/<\/a> eine Plattform zur Online-Streitbeilegung bereit.<\/p>\n<p><strong>Konzeption | Entwicklung | Redaktion: <\/strong><a href=\"https:\/\/www.maklerhomepage.net\/\" target=\"_blank\" rel=\"noopener\">www.maklerhomepage.net<\/a><br><strong><a href=\"https:\/\/joehnke-reichow.de\/\" target=\"_blank\" rel=\"noopener\">Mit rechtlicher Unterst\u00fctzung durch die Kanzlei J\u00f6hnke &amp; Reichow Rechtsanw\u00e4lte<\/a><\/strong><\/p>\n<p><strong>Bildnachweise:<\/strong><\/p>\n<p>ID &#8211; 1875673 \/ \u00a9 Andreas John \/ Fotolia.com<\/p>\n<p>ID &#8211; 24473677 \/ \u00a9 Andreas P \/ Fotolia.com<\/p>\n<p>ID &#8211; 43646874 \/ \u00a9 Pix4U \/ Fotolia.com<\/p>\n<p>ID &#8211; 14385722 \/ \u00a9 detailblick \/ Fotolia.com<\/p>\n<p>ID &#8211; 1482881 \/ \u00a9 Carmen Steiner \/ Fotolia.com<\/p>\n<p>ID &#8211; 24813803 \/ \u00a9 IckeT \/ Fotolia.com<\/p>\n<p>ID &#8211; 8377838 \/ \u00a9 Dixi_ \/ Fotolia.com<\/p>\n<p>ID &#8211; 24941653 \/ \u00a9 Yantra \/ Fotolia.com<\/p>\n<p>ID &#8211; 16379189 \/ \u00a9 Zarathustra \/ Fotolia.com<\/p>\n<p>ID &#8211; 4650299 \/ \u00a9 Dmitry Koksharov \/ Fotolia.com<\/p>\n<p>ID &#8211; 23285382 \/ \u00a9 tu-8 \/ Fotolia.com<\/p>\n<p>ID &#8211; 15632433 \/ \u00a9 PIXMatex \/ Fotolia.com<\/p>\n<p>ID &#8211; 3682860 \/ \u00a9 Jeffrey Sinnock \/ Fotolia.com<\/p>\n<p>ID &#8211; 25855861 \/ \u00a9 Mar\u00e9n Wischnewski \/ Fotolia.com<\/p>\n<p>ID &#8211; 14506033 \/ \u00a9 MH \/ Fotolia.com<\/p>\n<p>ID &#8211; 24992316 \/ \u00a9 Monkey Business \/ Fotolia.com<\/p>\n<p>ID &#8211; 7783196 \/ \u00a9 FotoLyriX \/ Fotolia.com<\/p>\n<p>ID &#8211; 6822078 \/ \u00a9 Kurhan \/ Fotolia.com<\/p>\n<p>ID &#8211; 6675141 \/ \u00a9 Silkstock \/ Fotolia.com<\/p>\n<p>ID &#8211; 23842440 \/ \u00a9 Kurhan \/ Fotolia.com<\/p>\n<p>ID &#8211; 51727108 \/ \u00a9 DrHitch \/ Fotolia.com<\/p>\n<p>ID &#8211; 45755207 \/ \u00a9 Andreas Schibilla \/ Fotolia.com<\/p>\n<p>ID &#8211; 401096 \/ \u00a9 Anton_Sokolov \/ clipdealer.com<\/p>\n<p>A:2033507 \/ \u00a9 EnjoyLife25 \/ clipdealer.com<\/p>\n<p>A:10684661 \/ \u00a9 serg_v \/ clipdealer.com<\/p>\n<p>Kostenfreie Bilder von <a href=\"https:\/\/www.pexels.com\/de-de\/\" rel=\"noreferrer nofollow noopener\">https:\/\/www.pexels.com\/de-de\/<\/a> unter CC0 Lizenz<\/p>\n<p>Icons made by <a href=\"https:\/\/www.iconfinder.com\/visuallanguage\" rel=\"noreferrer nofollow noopener\">MD BADSHA MEAH<\/a> \u2013 von <a href=\"https:\/\/www.iconfinder.com\/\" rel=\"noreferrer nofollow noopener\">https:\/\/www.iconfinder.com<\/a> unter CC0 Lizenz<\/p>\n<p>Icon-Set \u201eHand Drawn\u201c \u201eBlue UI\u201c \u201ePastell\u201c \u201ePunktiert\u201c und weitere Icons von <a href=\"https:\/\/icons8.de\/\" rel=\"noreferrer nofollow noopener\">Icons8<\/a> &#8211; unter CC BY-ND 3.0 DE Lizenz<br>Weitere Icons von <a href=\"https:\/\/www.iconfinder.com\/\" rel=\"noreferrer nofollow noopener\">IconFinder.com<\/a> &#8211; unter CC BY-ND 3.0 DE Lizenz und CC BY 4.0 Lizenz<\/p>\n<p>Bilder von <a href=\"https:\/\/en.wikipedia.org\/wiki\/de:\" rel=\"noreferrer nofollow noopener\">German Wikipedia<\/a> als gemeinfrei gekennzeichnet, Details auf <a href=\"https:\/\/commons.wikimedia.org\/wiki\/Template:PD-user\">Wikimedia Commons<\/a><\/p>\n<p>Eigenes Archiv<br>Bilder nach CC0 Lizenz von https:\/\/www.pexels.com\/de-de\/<\/p>\n<p><a href=\"https:\/\/karlheinzheinrich.makleraccess.de\/home\/kontakt\/impressum\/?page_as_pdf=1\">Download des Impressums als PDF<\/a><\/p>\n<p>Copyright 2023 | <strong>MyDigiBu.de Heinrich Versicherungen<\/strong> | Waldparkstr. 38 b | 85521 Riemerling<br>Tel.: +498966077748 | Fax: +498966077746 | <a href=\"mailto:ser%76i%63e@myd%69g%69%62%75.de\">service@mydigibu.de<\/a> | Alle Rechte vorbehalten<br><a href=\"https:\/\/karlheinzheinrich.makleraccess.de\/home\/kontakt\/anbieterkennung\/?page_as_pdf=1\" target=\"_blank\" rel=\"noopener\"><strong>Erstinformation nach \u00a715 VersVermV (als PDF anzeigen \/ herunterladen)<\/strong><\/a><\/p>\n<p>MyDigiBu.de Heinrich Versicherungen bietet umfangreiche Beratung und Betreuung in allen Versicherungsfragen.<br>Rufen Sie uns einfach an und vereinbaren Sie einen unverbindlichen und kostenlosen Beratungstermin &#8211; damit Sie mit Sicherheit gut versichert sind<\/p>\t\t\t\t\t\t<\/div>\n\t\t\t\t<\/div>\n\t\t\t\t\t<\/div>\n\t\t<\/div>\n\t\t\t\t\t<\/div>\n\t\t<\/section>\n\t\t\t\t<\/div>\n\t\t","protected":false},"excerpt":{"rendered":"<p>Impressum F\u00fcr diese Website verantwortlicher Anbieter gem\u00e4\u00df \u00a7 5 TMG sowie Informationspflichten gem\u00e4\u00df \u00a7 15 VersVermV und \u00a7 18 Abs. 2 MStV: MyDigiBu.de Heinrich Versicherungen Waldparkstr. 38 b85521 RiemerlingTelefon:&nbsp;+ 49 89 660 777 48Telefax:&nbsp;+49 89 660 777 46Mobil:&nbsp;1703423985&nbsp;E-Mail: service@mydigibu.de Inhaltlich Verantwortlicher gem\u00e4\u00df \u00a7 18 Abs. 2 MStV: MyDigiBu.de Heinrich Versicherungen Beh\u00f6rde f\u00fcr die Erlaubnis nach [&hellip;]<\/p>\n","protected":false},"author":1,"featured_media":0,"parent":0,"menu_order":0,"comment_status":"closed","ping_status":"closed","template":"elementor_header_footer","meta":[],"_links":{"self":[{"href":"http:\/\/mydigibu.de\/index.php?rest_route=\/wp\/v2\/pages\/25"}],"collection":[{"href":"http:\/\/mydigibu.de\/index.php?rest_route=\/wp\/v2\/pages"}],"about":[{"href":"http:\/\/mydigibu.de\/index.php?rest_route=\/wp\/v2\/types\/page"}],"author":[{"embeddable":true,"href":"http:\/\/mydigibu.de\/index.php?rest_route=\/wp\/v2\/users\/1"}],"replies":[{"embeddable":true,"href":"http:\/\/mydigibu.de\/index.php?rest_route=%2Fwp%2Fv2%2Fcomments&post=25"}],"version-history":[{"count":32,"href":"http:\/\/mydigibu.de\/index.php?rest_route=\/wp\/v2\/pages\/25\/revisions"}],"predecessor-version":[{"id":725,"href":"http:\/\/mydigibu.de\/index.php?rest_route=\/wp\/v2\/pages\/25\/revisions\/725"}],"wp:attachment":[{"href":"http:\/\/mydigibu.de\/index.php?rest_route=%2Fwp%2Fv2%2Fmedia&parent=25"}],"curies":[{"name":"wp","href":"https:\/\/api.w.org\/{rel}","templated":true}]}}